ermine x(1).
-38
Let d(p) = 31*p**3 + 2*p**2 - p - 5. Give d(-1).
-33
Let f(y) = -6*y**2 - 94*y - 6. Calculate f(-15).
54
Let x(p) = -6*p**2 + 235*p - 66. What is x(39)?
-27
Let a(h) = h**3 + 19*h**2 + 29*h + 592. Determine a(-19).
41
Let p(u) = -u**2 - 17*u - 32. Give p(13).
-422
Let v(j) = 38*j + 4906. What is v(-130)?
-34
Let o(z) = z**2 - 36*z - 14. What is o(0)?
-14
Let p(u) = 11*u**2 + 211*u + 234. Determine p(-18).
0
Let g(u) = u**2 - 13*u - 5660. Give g(82).
-2
Let i(r) = r**2 + 32*r - 170. Calculate i(7).
103
Let l(p) = -2*p**2 - 47*p + 4393. Give l(37).
-84
Let a(p) = 79*p - 1188. Determine a(15).
-3
Let c(o) = 467*o + 36901. Determine c(-79).
8
Let u(t) = t**3 + 42*t**2 - 41*t + 180. Determine u(-43).
94
Let g(m) = m**2 - 47*m + 448. What is g(34)?
6
Let z(r) = 2*r**3 - 16*r**2 + 48*r - 2. Give z(3).
52
Let c(t) = 31*t - 157. What is c(4)?
-33
Let a(h) = -86*h - 929. Give a(-11).
17
Let u(r) = -8*r**2 - 62*r + 62. Give u(1).
-8
Let t(i) = i**3 - 11*i**2 - 10*i + 23. Calculate t(10).
-177
Let t(d) = 9*d + 31. Give t(-12).
-77
Let q(m) = 51*m + 194. Calculate q(-4).
-10
Let f(z) = z**3 + 23*z**2 + 29*z + 154. Give f(-22).
0
Let q(y) = -y**2 - 2*y + 538. What is q(-25)?
-37
Let b(j) = 3*j**2 + 1379*j - 14091. Determine b(10).
-1
Let y(j) = -j**2 - 144*j - 4407. What is y(-44)?
-7
Let a(r) = 53*r - 217. Calculate a(9).
260
Let p(d) = 7*d**2 + 1976*d + 1975. Give p(-1).
6
Let f(m) = -3839*m - 53702. What is f(-14)?
44
Let u(p) = 66*p + 12544. Determine u(-190).
4
Let h(p) = -32760*p - 196552. Give h(-6).
8
Let r(z) = 2*z**2 + 127*z + 422. Give r(-60).
2
Let g(d) = 9*d - 428. Calculate g(53).
49
Let q(i) = -i**2 - 13*i - 275. Calculate q(-12).
-263
Let z(p) = -46*p + 2249. Calculate z(49).
-5
Let k(g) = 63*g + 124. Determine k(-2).
-2
Let c(n) = -8*n + 76. What is c(5)?
36
Let j(r) = 2*r**3 + 15*r**2 + 43*r - 3. What is j(-5)?
-93
Let c(k) = k**3 + 26*k**2 + 53*k + 17. Calculate c(-2).
7
Let c(b) = -b**2 + 1300*b + 14418. What is c(-11)?
-3
Let x(z) = -1027*z - 3998. Calculate x(-4).
110
Let r(i) = i**2 + 97*i - 6497. Calculate r(46).
81
Let r(i) = -i**3 - 14*i**2 + 2*i + 4. Calculate r(-15).
199
Let l(s) = -38*s - 261. What is l(-6)?
-33
Let v(z) = 3*z - 39. Determine v(16).
9
Let t(j) = -j**3 + 38*j**2 + 88*j - 292. Calculate t(40).
28
Let j(w) = w - 50. Give j(9).
-41
Let m(y) = y**3 - 16*y**2 - 54*y - 2. What is m(-3)?
-11
Let r(s) = -13*s**2 - 984*s - 982. Calculate r(-1).
-11
Let n(w) = -w**2 - 272*w + 24782. Calculate n(72).
14
Let i(b) = 153*b - 893. Determine i(6).
25
Let b(d) = 40*d - 1141. Determine b(29).
19
Let i(j) = -9*j**2 + 318*j - 1196. Give i(31).
13
Let r(x) = -x**3 + 7*x**2 + 20*x - 15. Give r(9).
3
Let l(i) = 2*i**2 + i + 35. What is l(-6)?
101
Let b(l) = -l**2 + 87*l - 1012. What is b(73)?
10
Let i(b) = -2*b**2 - 96*b + 31113. Give i(103).
7
Let h(k) = 2*k**2 + 37*k + 102. What is h(-20)?
162
Let r(z) = -z**2 - 1373*z - 12281. What is r(-9)?
-5
Let t(l) = l**3 + 176*l**2 - 912*l - 1271. Calculate t(-181).
-4
Let s(m) = m**3 - 6*m**2 + 13*m - 99. Give s(6).
-21
Let a(s) = 4*s**3 + 31*s**2 + 3*s - 38. Determine a(-8).
-126
Let m(y) = 2*y**3 + 10*y**2 - 10*y - 97. Determine m(3).
17
Let h(x) = x**3 + 8*x**2 - 3*x + 126. What is h(-10)?
-44
Let b(a) = -2*a**3 + 2*a**2 - 4*a + 20. Give b(0).
20
Let k(q) = -34*q - 80. Calculate k(-2).
-12
Let t(r) = -r**2 - 321*r - 13326. Calculate t(-49).
2
Let g(w) = -8*w**2 + 14*w - 69. Give g(5).
-199
Let p(w) = 37*w + 1198. Determine p(-31).
51
Let s(m) = -236*m - 2500. Calculate s(-10).
-140
Let o(n) = -3*n**2 + 32*n - 36. Determine o(9).
9
Let j(x) = 2*x - 8. What is j(11)?
14
Let y(j) = 385*j**2 - 1205*j - 3. Determine y(3).
-153
Let q(t) = -2242*t - 26892. Determine q(-12).
12
Let o(j) = 23*j**2 + 4*j. Calculate o(3).
219
Let o(j) = j**2 + 479*j + 4233. Give o(-9).
3
Let y(m) = 107*m**3 + 2*m**2 - 13*m + 12. What is y(1)?
108
Let x(t) = -12*t**2 + 11*t + 15. Determine x(-3).
-126
Let x(g) = -g**3 - 303*g**2 + 1823*g - 9577. Give x(-309).
2
Let k(l) = l**2 + 21*l + 77. What is k(-6)?
-13
Let q(b) = 2*b**2 + 704*b - 4289. Give q(6).
7
Let p(y) = 735*y - 5148. Calculate p(7).
-3
Let k(a) = -a**3 - 17*a**2 - 1803*a - 13851. What is k(-8)?
-3
Let t(l) = 2*l**3 + 112*l**2 + 4*l + 213. Determine t(-56).
-11
Let v(i) = 4570*i - 9136. Give v(2).
4
Let z(s) = -s**3 + 4*s**2 - 6*s - 15. What is z(0)?
-15
Let o(s) = -s**3 + 8*s**2 + 18*s - 8. Calculate o(9).
73
Let a(h) = h**2 - 1246*h + 94345. Determine a(81).
-20
Let y(r) = -80*r - 1793. What is y(-23)?
47
Let q(x) = -x**2 - 69*x + 630. Determine q(0).
630
Let l(c) = c**2 + 24*c - 485. What is l(-37)?
-4
Let p(b) = -37*b - 10. Determine p(5).
-195
Let u(p) = -1556*p - 9335. Give u(-6).
1
Let v(i) = 341*i + 14656. What is v(-43)?
-7
Let c(i) = -18*i**3 - 757*i**2 - 40*i + 74. Give c(-42).
-10
Let z(a) = -84*a - 41. What is z(-1)?
43
Let g(w) = w**3 + 44*w**2 + 43*w + 22. What is g(-43)?
22
Let o(c) = -2*c - 61. Calculate o(-37).
13
Let r(j) = -j**3 - 9*j**2 + 11*j + 27. Determine r(-10).
17
Let a(v) = -v**2 - 121*v - 1948. What is a(-19)?
-10
Let z(d) = -3*d**2 - 163*d - 492. Calculate z(-50).
158
Let w(q) = -14*q**2 + 13*q + 3. Calculate w(3).
-84
Let w(j) = -1117*j**2 + 6702*j + 14. Calculate w(6).
14
Let k(y) = y**3 + 8*y**2 + 4*y - 42. What is k(-5)?
13
Let i(s) = 18*s + 38. Give i(37).
704
Let l(z) = 2*z**2 - 44*z + 259. Determine l(13).
25
Let w(u) = -2*u**3 + 4*u**2 - 16*u - 19. Calculate w(-1).
3
Let h(j) = -16*j**3 + j**2 - 3*j + 3. Give h(1).
-15
Let b(n) = 3*n - 60. Determine b(18).
-6
Let h(l) = -46*l**2 + 9*l + 7. Give h(-2).
-195
Let l(d) = 3*d**2 - 42*d + 85. Calculate l(13).
46
Let k(v) = -2165*v - 43298. Calculate k(-20).
2
Let q(a) = -a**2 - 16*a + 47. What is q(2)?
11
Let k(c) = 375*c + 3820. Determine k(-10).
70
Let g(w) = 717*w - 3546. Determine g(5).
39
Let z(r) = 4*r**2 + 39*r - 144. What is z(-13)?
25
Let q(s) = 4*s**2 + 38*s - 84. What is q(-13)?
98
Let a(j) = -51*j + 162. What is a(3)?
9
Let a(g) = 416*g + 83585. Give a(-201).
-31
Let h(o) = -o**3 + 11*o**2 - 17*o - 24. Calculate h(10).
-94
Let x(o) = -42*o - 65. Determine x(-3).
61
Let y(n) = -769*n + 3847. What is y(5)?
2
Let l(w) = -22*w + 3100. Determine l(142).
-24
Let k(p) = -39*p**3 + 197*p**2 - 22*p + 15. Determine k(5).
-45
Let l(u) = u**2 - 21*u + 69. What is l(13)?
-35
Let f(s) = -s**3 - 87*s**2 - 1765*s + 14. Determine f(-55).
289
Let i(s) = -331*s - 2306. Give i(-7).
11
Let m(y) = y**2 - 6*y - 54. Calculate m(-8).
58
Let f(t) = -17*t - 148. What is f(-10)?
22
Let r(z) = z**2 - 112*z + 2247. What is r(83)?
-160
Let v(t) = 7835*t - 54858. Calculate v(7).
-13
Let j(b) = -174*b + 23488. Give j(135).
-2
Let w(v) = -20*v - 310. Determine w(-34).
370
Let x(f) = -2*f**3 - 56*f**2 - 16*f + 79. Calculate x(-28).
527
Let p(x) = -x**3 + 26*x**2 - 50*x - 85. Determine p(23).
352
Let h(x) = x**2 - 36*x - 3. Calculate h(-3).
114
Let o(h) = -2*h**2 - 113*h - 391. Give o(-53).
-20
Let o(u) = 236*u - 3546. What is o(15)?
-6
Let k(i) = 16*i**2 - 301*i - 375. What is k(20)?
5
Let x(s) = -13*s + 88. Calculate x(-12).
244
Let o(n) = n**3 + 18*n**2 + 28*n - 16. Give o(-16).
48
Let m(g) = -544*g + 4984. Give m(9).
88
Let q(l) = -2*l**3 - 2*l**2 + 6*l - 10. Determine q(3).
-64
Let v(p) = -230*p + 141. What is v(1)?
-89
Let j(v) = -23*v**2 + 44*v + 83. Calculate j(-2).
-97
Let b(l) = -l**3 + 2*l**2 - 6*l + 12. What is b(4)?
-44
Let b(o) = o**3 - 10*o**2 - 379*o + 3472. Calculate b(9).
-20
Let c(q) = 213*q**2 - 1493*q + 14. Calculate c(7).
0
Let d(s) = s**2 + 378*s - 1138. Give d(3).
5
Let s(l) = 2*l**3 + 7*l**2 - 3*l + 10. Determine s(-6).
-152
Let j(u) = 1957*u + 360091. What is j(-184)?
3
Let h(r) = 5519*r - 44150. Give h(8).
2
Let n(b) = 4*b**3 + 9*b**2 + 11*b + 12. Determine n(-2).
-6
Let x(r) = r**2 - 54*r + 577. Calculate x(15).
-8
Let o(i) = -17*i**3 - 867*i**2 + 2*i + 112. What is o(-51)?
10
Let t(g) = -33*g + 600. Determine t(25).
-225
Let q(n) = -599*n + 6005. Determine q(10).
15
Let x(z) = -2*z**2 + 11*z + 113. Give x(18).
-337
Let b(q) = -93*q - 84. Calculate b(-3).
195
Let i(c) = 1065*c + 10655. Give i(-10).
5
Let m(r) = r**3 - 15*r**2 + 8*r + 69. What is m(15)?
189
Let l(u) = 2*u**3 - 26*u**2 - 4*u + 61. Give l(13).
9
Let z(g) = g**3 - 32*g**2 + 65*g + 1. Giv